e d - 1 - -53*1. Calculate the highest common factor of k and s.
13
Let h = 583 + -572. What is the greatest common factor of h and 4?
1
Suppose -10*u + 945 = -u. What is the greatest common factor of 63 and u?
21
Suppose -85 = -4*n - 1. Let t = 25 - n. Suppose 1123*c = 1115*c + 32. Calculate the highest common factor of c and t.
4
Let j = 241 - -215. Calculate the highest common divisor of j and 20.
4
Suppose -3*b + 84 = -0*b. Let p = 236 - 236. Suppose -3*v + 39 = 51, p = s - 5*v - 90. What is the greatest common factor of s and b?
14
Let j be -24*11/(-176)*(-1*2 + 62). What is the greatest common divisor of 5910 and j?
30
Let y = 4383 + -3533. Calculate the greatest common factor of y and 350.
50
Let f(j) = -12*j + 43. Let w(l) = 11*l - 42. Let s(d) = 5*f(d) + 6*w(d). Let z be s(9). Let o = 19 + z. Calculate the highest common divisor of o and 12.
12
Suppose 1292 = 28*c - 1424. Calculate the greatest common factor of 2037 and c.
97
Suppose 2*y + 4 = 16. Suppose 7*m + y - 55 = 0. Calculate the greatest common divisor of 63 and m.
7
Let n(v) = 4*v**2 + 11*v - 58. Let p be n(10). Let q = p - 451. What is the greatest common factor of 19 and q?
1
Let b be 3/(-1) + (-288)/(-2). Suppose 0 = o - 3*i - 99, 4*o - 242 = -i + b. What is the greatest common divisor of o and 32?
32
Let u(p) = 12*p - 149. Let h be u(24). Let l = h - 117. What is the highest common divisor of l and 55?
11
Suppose u + 5*v - 9*v = 23, 5*v = -4*u + 218. What is the highest common divisor of u and 15839?
47
Suppose -3*c - 10 = -4*j + 344, -4*j + 324 = 2*c. What is the highest common divisor of j and 9492?
84
Let o(g) = 21*g - 1162. Let r be o(74). Calculate the highest common factor of 1148 and r.
28
Suppose -25*n + 1197 = -24*n - l, 0 = -5*n + 4*l + 5988. What is the greatest common factor of n and 225?
75
Suppose -18*s + 58 - 4 = 0. Suppose 5*l - 155 = 5*w, 3*l - 5*l = -s*w - 62. Calculate the highest common factor of l and 496.
31
Let f(d) = d**2 - 38*d + 222. Let g be f(6). Calculate the highest common factor of g and 1830.
30
Let i(j) = 3*j**3 + 82*j**2 + 97*j - 23. Let t be i(-26). Suppose -159 = -0*o - 3*o. What is the highest common divisor of o and t?
53
Let b = 37 + -15. Let j be 3 + (1966/10 - b/(-55)). Suppose -3*u = -8*u + j. Calculate the greatest common divisor of 20 and u.
20
Suppose 14*f + 346 - 580 = 606. What is the greatest common divisor of 324 and f?
12
Suppose -43*u + 39*u - 3827 = -a, -5 = u. What is the greatest common factor of 47 and a?
47
Let s(m) = m**3 - 13*m**2 + m + 54. Let v be s(18). Calculate the highest common divisor of v and 36.
36
Suppose -3*y + 4355 = 737. Let r = 2852 - 2834. Calculate the greatest common factor of y and r.
18
Let p = 298 + -206. Suppose 12*k - p = -20. Calculate the highest common divisor of k and 318.
6
Suppose 0 = 4*p + 60 - 0. Let o be p*(-3 + (-42)/(-9) + -2). Suppose n = 5*t - 374, -4*t - o*n + 156 = -149. Calculate the greatest common factor of t and 15.
15
Suppose -3*g + 304 + 287 = 0. Let t be 3/(-2 - -5) + g. Let d be 13 + 1 - -1*4. Calculate the highest common divisor of d and t.
18
Let q(d) = 2*d**2 - d + 10. Let r be q(-4). Let z = 50 - r. Let x be 13 + (1 - 2)/1. Calculate the highest common factor of z and x.
4
Let s be 684/10 + ((-49)/35 - -1). Let f(a) = -13*a + 855. Let c be f(54). Calculate the greatest common divisor of s and c.
17
Let n = -44 - -13. Let l = n + 53. Suppose 4*d = 4*o + 220 + 20, o + 5 = 0. What is the greatest common divisor of d and l?
11
Let s(u) = -5*u**3 + 48*u**2 - 20*u - 17. Let c(i) = i + 13. Let x be c(-4). Let w be s(x). What is the highest common divisor of 161 and w?
23
Let q(l) be the first derivative of -1/4*l**4 + 14 - 11/3*l**3 + 11/2*l**2 + 7*l. Let s be q(-12). What is the greatest common factor of 133 and s?
19
Let a = 1 - 3. Suppose 0 = 678*n - 677*n + 6. Let v be (n/10 + -1)*(a + -3). What is the highest common factor of 8 and v?
8
Let u be 2/2 + 0 - -69. Let r = -210503 + 210513. What is the greatest common factor of u and r?
10
Let u = 371 - 370. Let m(q) = 44*q**3 + q. Let y be m(u). What is the greatest common divisor of y and 30?
15
Let k(n) = -n**2 - 149*n + 307. Let p be k(-151). What is the highest common divisor of p and 420?
5
Let m(x) = -191*x - 1603. Let i be m(-9). What is the greatest common factor of 5 and i?
1
Let s = -4 - -11. Let z(x) = x**3 - 6*x**2 - 4*x + 7. Let k be z(s). Let q = 955 - 934. What is the highest common factor of k and q?
7
Suppose -20*a + 19*a = -4. Suppose -19 = a*z - 119. What is the highest common divisor of 15 and z?
5
Suppose -5*n = -210 - 160. Suppose -j + 3*b + 5 = -18, -4*b = -3*j + n. Let d be 7700/99 + -26 - 2/(-9). Calculate the highest common divisor of j and d.
26
Suppose g + 5*i - 13 = 0, -2*g - 4*i + 55 - 11 = 0. Suppose 3*c - r = 17, -5*c + 6*r + g = 4*r. What is the highest common divisor of 8 and c?
2
Suppose -3*q = -16*q + 2730. Let x = q - 84. Calculate the highest common divisor of x and 14.
14
Let u be ((-152)/4)/(((-22)/(-28))/(-11)). Suppose 3*i = 2*v + 4*i - 80, 102 = 3*v - 3*i. What is the highest common factor of v and u?
38
Let b(x) = 1303*x + 583. Let k be b(5). What is the greatest common divisor of 42 and k?
42
Let c(y) be the third derivative of -11/24*y**4 + 1/20*y**5 + 0 + 0*y - 17/3*y**3 + 38*y**2. Let j be c(-5). What is the greatest common factor of 24 and j?
24
Suppose 2*q + 10 = 0, 4*q = 3*c - 208 + 107. What is the greatest common divisor of c and 8?
1
Let v be -8 + ((-2817)/(-81) - (-6)/27). Suppose 0 = 6*b - 9*b + 18. What is the highest common factor of b and v?
3
Let x(q) = -q**3 - 3*q**2 - 18*q + 3. Let r be x(-7). Let w = -258 - -453. Calculate the highest common factor of r and w.
65
Let m = 456 + -452. Suppose 23 = 4*g + 3*v, m*v + 10 = -3*g + 29. What is the highest common divisor of 20 and g?
5
Let v = 8747 + -8673. Calculate the greatest common factor of 9176 and v.
74
Let o(a) = a**3 + 3*a**2 - 8*a - 12. Let s be o(-4). Suppose 0 = 5*g + k + s*k - 850, -4*k = -4*g + 680. What is the greatest common factor of 34 and g?
34
Let o be ((-7153)/(-92) - -10)*4. Calculate the highest common divisor of o and 377.
13
Suppose 2*y = -5*r + 29, 5*r - y - 21 = 2. Suppose 5*w + k - 118 = -k, -5*w = r*k - 115. What is the highest common divisor of 72 and w?
24
Suppose 0 = 308*b - 247*b - 3660. Let i(v) = -v**3 + 9*v**2 - v + 5. Let m be i(5). What is the greatest common divisor of m and b?
20
Let t be 75/175 + 33/21. Let w = 17 - 11. Let u(y) = 4*y - 4. Let l be u(w). What is the greatest common divisor of l and t?
2
Let w(f) = -26*f**3 + 128*f**2 + 9*f + 18. Let u be w(5). What is the greatest common factor of 6617 and u?
13
Suppose -21*h = 4015 - 5506. What is the highest common factor of 6887 and h?
71
Let p(f) = 67*f**3 + 3*f**2 - 25*f + 29. Let l be p(3). What is the greatest common divisor of 5 and l?
5
Let s be (55 + -31)/(0 - -2) + 1253. Calculate the greatest common factor of s and 3025.
55
Let x(u) = -3*u - 34. Let r be x(-11). Let a(m) = -3*m**3 - m**2 - 2*m. Let z be a(r). Suppose -4*q + 6 = -2. Calculate the greatest common divisor of z and q.
2
Let o(b) = 2*b**3 - 12*b**2 + 13*b - 20. Let n be o(5). Let m be (11 + n - -26) + 1. What is the greatest common divisor of 242 and m?
11
Let o be (-1)/12 - (-1639300)/4656. Calculate the highest common divisor of o and 1848.
88
Let v = 4068 + -3240. What is the highest common divisor of 322 and v?
46
Let j(c) = c**2 + 9*c - 9. Let d be j(-12). Let q = d - 16. Let w(z) = -z + 16. Let f be w(q). What is the highest common divisor of f and 35?
5
Suppose g - 59 = 4*m, 3*g + m = -0*m + 151. Let a = -45 + g. Suppose -5*s + 279 = 2*p, -2*p + 69 = s - a*p. Calculate the greatest common factor of 38 and s.
19
Let s be 2/(-14) - (-315934)/658. What is the greatest common factor of 210 and s?
30
Suppose -2*n - 84 = 20. Let l = -35 - n. Suppose -l*g = -10*g - 2520. Calculate the greatest common factor of 40 and g.
40
Let k(d) = -6*d**2 - 2*d - 61. Let o be k(-6). Let h = o - -283. Calculate the greatest common factor of h and 96.
6
Let p be 2*((-70)/20*-3 + -7). Calculate the highest common factor of p and 6209.
7
Suppose 82*f - 78*f - 1044 = 0. Suppose 0 = -z - 3*q + 36, f - 71 = 5*z + 5*q. Let r = 90 - 51. What is the greatest common divisor